{"id":2234,"date":"2015-03-24T10:58:01","date_gmt":"2015-03-24T10:58:01","guid":{"rendered":"http:\/\/themes.muffingroup.com\/be\/sport\/?page_id=10"},"modified":"2019-01-28T19:34:31","modified_gmt":"2019-01-28T18:34:31","slug":"company","status":"publish","type":"page","link":"https:\/\/tkd-herringen.de\/?page_id=2234","title":{"rendered":"Willkommen"},"content":{"rendered":"<p>[vc_row css=&#8221;.vc_custom_1534182263445{margin-top: 60px !important;}&#8221;][vc_column][vc_column_text]<\/p>\n<h1 style=\"text-align: center;\"><span style=\"color: #22e639;\"><strong>Taekwondo Herringen e.V. <\/strong><\/span><\/h1>\n<h2 style=\"text-align: center;\"><strong>&#8211; Ihr Taekwondo-Verein in Hamm &#8211;<\/strong><\/h2>\n<h4 style=\"text-align: center;\"><em><strong>\u2013 Lerne die Geheimnisse einer asiatischen Kampfkunst \u2013 <\/strong><\/em><\/h4>\n<p>&nbsp;<\/p>\n<h4 style=\"text-align: center;\"><strong>Willkommen auf unserer Homepage \u2026 <\/strong><\/h4>\n<h4 style=\"text-align: center;\"><strong>Unser Angebot f\u00fcr euch \u2026<\/strong><\/h4>\n<p>[\/vc_column_text][\/vc_column][\/vc_row][vc_row css_animation=&#8221;bounceInLeft&#8221;][vc_column css_animation=&#8221;zoomInLeft&#8221; width=&#8221;1\/2&#8243; css=&#8221;.vc_custom_1535295647108{margin-top: 60px !important;}&#8221;][vc_column_text css_animation=&#8221;none&#8221;]<\/p>\n<h4 style=\"text-align: center;\"><strong>Spielerisches Training f\u00fcr Kinder und Jugendliche<\/strong><\/h4>\n<p>[\/vc_column_text][\/vc_column][vc_column width=&#8221;1\/2&#8243;][vc_single_image image=&#8221;2812&#8243; img_size=&#8221;medium&#8221; css_animation=&#8221;none&#8221;][\/vc_column][\/vc_row][vc_row css_animation=&#8221;bounceInRight&#8221;][vc_column css_animation=&#8221;none&#8221; width=&#8221;1\/2&#8243;][vc_single_image image=&#8221;2821&#8243; img_size=&#8221;medium&#8221; alignment=&#8221;right&#8221; css_animation=&#8221;none&#8221;][\/vc_column][vc_column width=&#8221;1\/2&#8243;][vc_column_text css_animation=&#8221;slideInRight&#8221; css=&#8221;.vc_custom_1535328299469{margin-top: 70px !important;}&#8221;]<\/p>\n<h4 style=\"text-align: left;\">Selbstverteidigung f\u00fcr alle<\/h4>\n<p>[\/vc_column_text][\/vc_column][\/vc_row][vc_row css_animation=&#8221;bounceInLeft&#8221;][vc_column css_animation=&#8221;zoomInLeft&#8221; width=&#8221;1\/2&#8243; css=&#8221;.vc_custom_1535295647108{margin-top: 60px !important;}&#8221;][vc_column_text css_animation=&#8221;none&#8221;]<\/p>\n<h4 style=\"text-align: center;\">Leistungssport f\u00fcr Wettk\u00e4mpfer<\/h4>\n<p>[\/vc_column_text][\/vc_column][vc_column width=&#8221;1\/2&#8243;][vc_single_image image=&#8221;2831&#8243; img_size=&#8221;medium&#8221; css_animation=&#8221;none&#8221;][\/vc_column][\/vc_row][vc_row css_animation=&#8221;bounceInRight&#8221;][vc_column css_animation=&#8221;none&#8221; width=&#8221;1\/2&#8243;][vc_single_image image=&#8221;2830&#8243; img_size=&#8221;medium&#8221; alignment=&#8221;right&#8221; css_animation=&#8221;none&#8221;][\/vc_column][vc_column width=&#8221;1\/2&#8243;][vc_column_text css_animation=&#8221;slideInRight&#8221; css=&#8221;.vc_custom_1535333028662{margin-top: 70px !important;}&#8221;]<\/p>\n<h4 style=\"text-align: left;\">Breitensport f\u00fcr Interessierte<\/h4>\n<p>[\/vc_column_text][\/vc_column][\/vc_row][vc_row css_animation=&#8221;bounceInLeft&#8221;][vc_column css_animation=&#8221;zoomInLeft&#8221; width=&#8221;1\/2&#8243; css=&#8221;.vc_custom_1535295647108{margin-top: 60px !important;}&#8221;][vc_column_text css_animation=&#8221;none&#8221;]<\/p>\n<h4 style=\"text-align: center;\">Zahlreiche Turniere im Jahr<\/h4>\n<p>[\/vc_column_text][\/vc_column][vc_column width=&#8221;1\/2&#8243;][vc_single_image image=&#8221;2833&#8243; img_size=&#8221;medium&#8221; css_animation=&#8221;none&#8221;][\/vc_column][\/vc_row][vc_row][vc_column]<div class=\"ult-animation  ult-animate-viewport  ult-no-mobile \" data-animate=\"fadeIn\" data-animation-delay=\"0\" data-animation-duration=\"3\" data-animation-iteration=\"1\" style=\"opacity:0;\" data-opacity_start_effect=\"\">[vc_column_text css_animation=&#8221;none&#8221;]<\/p>\n<h4 style=\"text-align: center;\">Aktives Vereinsleben (Feiern, Treffen, Ausfl\u00fcge und vieles mehr)<\/h4>\n<p>[\/vc_column_text]<\/div>[\/vc_column][\/vc_row][vc_row][vc_column width=&#8221;1\/4&#8243;]<div class=\"ult-animation  ult-animate-viewport  ult-no-mobile \" data-animate=\"infinite InfiniteDangle\" data-animation-delay=\"2\" data-animation-duration=\"3\" data-animation-iteration=\"infinite\" style=\"opacity:0;\" data-opacity_start_effect=\"\">[vc_single_image image=&#8221;2839&#8243; img_size=&#8221;medium&#8221;]<\/div>[\/vc_column][vc_column width=&#8221;1\/4&#8243;]<div class=\"ult-animation  ult-animate-viewport  ult-no-mobile \" data-animate=\"infinite InfiniteDangle\" data-animation-delay=\"4\" data-animation-duration=\"3\" data-animation-iteration=\"infinite\" style=\"opacity:0;\" data-opacity_start_effect=\"\">[vc_single_image image=&#8221;2840&#8243; img_size=&#8221;medium&#8221;]<\/div>[\/vc_column][vc_column width=&#8221;1\/4&#8243;]<div class=\"ult-animation  ult-animate-viewport  ult-no-mobile \" data-animate=\"infinite InfiniteDangle\" data-animation-delay=\"6\" data-animation-duration=\"3\" data-animation-iteration=\"infinite\" style=\"opacity:0;\" data-opacity_start_effect=\"\">[vc_single_image image=&#8221;2838&#8243; img_size=&#8221;medium&#8221;]<\/div>[\/vc_column][vc_column width=&#8221;1\/4&#8243;]<div class=\"ult-animation  ult-animate-viewport  ult-no-mobile \" data-animate=\"infinite InfiniteDangle\" data-animation-delay=\"8\" data-animation-duration=\"3\" data-animation-iteration=\"infinite\" style=\"opacity:0;\" data-opacity_start_effect=\"\">[vc_single_image image=&#8221;2841&#8243; img_size=&#8221;medium&#8221;]<\/div>[\/vc_column][\/vc_row][vc_row full_width=&#8221;stretch_row&#8221; bg_type=&#8221;bg_color&#8221;][vc_column][vc_column_text css=&#8221;.vc_custom_1535343741787{margin-bottom: 20px !important;}&#8221;]<\/p>\n<h4 style=\"text-align: center;\">Macht euch einen ersten Eindruck und schaut euch die zahlreichen Informationen auf unserer Homepage an. Wenn sie euer Interesse geweckt haben sollten, meldet euch bei uns oder schaut einfach beim Training vorbei. Wir freuen uns euch begr\u00fc\u00dfen zu d\u00fcrfen.<\/h4>\n<p>[\/vc_column_text][\/vc_column][\/vc_row][vc_row full_width=&#8221;stretch_row&#8221; bg_type=&#8221;grad&#8221; bg_override=&#8221;full&#8221; seperator_enable=&#8221;seperator_enable_value&#8221; seperator_type=&#8221;multi_triangle_seperator&#8221; seperator_shape_background=&#8221;#ffffff&#8221; bg_grad=&#8221;background: -webkit-gradient(linear, left top, left bottom, color-stop(0%, #EBF213), color-stop(99%, #BCF013));background: -moz-linear-gradient(top,#EBF213 0%,#BCF013 99%);background: -webkit-linear-gradient(top,#EBF213 0%,#BCF013 99%);background: -o-linear-gradient(top,#EBF213 0%,#BCF013 99%);background: -ms-linear-gradient(top,#EBF213 0%,#BCF013 99%);background: linear-gradient(top,#EBF213 0%,#BCF013 99%);&#8221;][vc_column css=&#8221;.vc_custom_1535343761191{margin-top: 30px !important;}&#8221;][vc_column_text]<\/p>\n<h2 style=\"text-align: center;\">Der Taekwondo Herringen e.V. ist Mitglied&#8230;<\/h2>\n<h4 style=\"text-align: center;\">&#8230; in der Nordrheinwestf\u00e4lischen Taekwondo Union e.V. (NWTU), dem alleinigen olympischen Taekwondoverband in Nordrheinwestfalen<\/h4>\n<h4 style=\"text-align: center;\">&#8230; im Spitzendachverband, der Deutschen Taekwondo Union e.V. (DTU)<\/h4>\n<h4 style=\"text-align: center;\">&#8230; beim Landessportbund NRW<\/h4>\n<h4 style=\"text-align: center;\">&#8230; beim Stadtstadtbund Hamm.<\/h4>\n<h4 style=\"text-align: center;\"><span style=\"color: #993300;\"><strong>Der Taekwondo Herringen e.V. ist des Weiteren St\u00fctzpunktverein des Landesprogramms \u201eIntegration durch Sport\u201c.<\/strong><\/span><\/h4>\n<p>[\/vc_column_text][\/vc_column][vc_column width=&#8221;1\/4&#8243;]<div class=\"ult-animation  ult-animate-viewport  ult-no-mobile \" data-animate=\"fadeInLeftBig\" data-animation-delay=\"0\" data-animation-duration=\"3\" data-animation-iteration=\"1\" style=\"opacity:0;\" data-opacity_start_effect=\"\">[vc_single_image image=&#8221;2865&#8243; alignment=&#8221;center&#8221; style=&#8221;vc_box_border&#8221; border_color=&#8221;orange&#8221; onclick=&#8221;custom_link&#8221; img_link_target=&#8221;_blank&#8221; css=&#8221;.vc_custom_1548700262625{border-radius: 3px !important;}&#8221; link=&#8221;https:\/\/www.nwtu.de\/&#8221;]<\/div>[\/vc_column][vc_column width=&#8221;1\/4&#8243;]<div class=\"ult-animation  ult-animate-viewport  ult-no-mobile \" data-animate=\"fadeInUpBig\" data-animation-delay=\"1.5\" data-animation-duration=\"3\" data-animation-iteration=\"1\" style=\"opacity:0;\" data-opacity_start_effect=\"\">[vc_single_image image=&#8221;2856&#8243; alignment=&#8221;center&#8221; style=&#8221;vc_box_border&#8221; border_color=&#8221;orange&#8221; onclick=&#8221;custom_link&#8221; img_link_target=&#8221;_blank&#8221; link=&#8221;https:\/\/www.dtu.de\/&#8221;]<\/div>[\/vc_column][vc_column width=&#8221;1\/4&#8243;]<div class=\"ult-animation  ult-animate-viewport  ult-no-mobile \" data-animate=\"fadeInUpBig\" data-animation-delay=\"3\" data-animation-duration=\"3\" data-animation-iteration=\"1\" style=\"opacity:0;\" data-opacity_start_effect=\"\">[vc_single_image image=&#8221;2858&#8243; alignment=&#8221;center&#8221; style=&#8221;vc_box_border&#8221; border_color=&#8221;orange&#8221; onclick=&#8221;custom_link&#8221; img_link_target=&#8221;_blank&#8221; link=&#8221;www.ssb-hamm.de\/&#8221;]<\/div>[\/vc_column][vc_column width=&#8221;1\/4&#8243;]<div class=\"ult-animation  ult-animate-viewport  ult-no-mobile \" data-animate=\"fadeInRightBig\" data-animation-delay=\"4.5\" data-animation-duration=\"3\" data-animation-iteration=\"1\" style=\"opacity:0;\" data-opacity_start_effect=\"\">[vc_single_image image=&#8221;2866&#8243; alignment=&#8221;center&#8221; style=&#8221;vc_box_border&#8221; border_color=&#8221;orange&#8221; onclick=&#8221;custom_link&#8221; img_link_target=&#8221;_blank&#8221; link=&#8221;https:\/\/www.lsb.nrw\/&#8221;]<\/div>[\/vc_column][vc_column css=&#8221;.vc_custom_1535343182396{margin-top: -60px !important;}&#8221;]<div class=\"ult-animation  ult-animate-viewport  ult-no-mobile \" data-animate=\"fadeIn\" data-animation-delay=\"6\" data-animation-duration=\"3\" data-animation-iteration=\"1\" style=\"opacity:0;\" data-opacity_start_effect=\"\">[vc_single_image image=&#8221;2857&#8243; img_size=&#8221;medium&#8221; alignment=&#8221;center&#8221; style=&#8221;vc_box_border&#8221; border_color=&#8221;orange&#8221; onclick=&#8221;custom_link&#8221; img_link_target=&#8221;_blank&#8221; link=&#8221;https:\/\/integration.dosb.de\/&#8221;]<\/div>[\/vc_column][\/vc_row]<\/p>\n","protected":false},"excerpt":{"rendered":"<p>[vc_row css=&#8221;.vc_custom_1534182263445{margin-top: 60px !important;}&#8221;][vc_column][vc_column_text] Taekwondo Herringen e.V. &#8211; Ihr Taekwondo-Verein in Hamm &#8211; \u2013 Lerne die Geheimnisse einer asiatischen Kampfkunst \u2013 &nbsp; Willkommen auf unserer Homepage<span class=\"excerpt-hellip\"> [\u2026]<\/span><\/p>\n","protected":false},"author":1,"featured_media":0,"parent":0,"menu_order":0,"comment_status":"open","ping_status":"open","template":"","meta":[],"_links":{"self":[{"href":"https:\/\/tkd-herringen.de\/index.php?rest_route=\/wp\/v2\/pages\/2234"}],"collection":[{"href":"https:\/\/tkd-herringen.de\/index.php?rest_route=\/wp\/v2\/pages"}],"about":[{"href":"https:\/\/tkd-herringen.de\/index.php?rest_route=\/wp\/v2\/types\/page"}],"author":[{"embeddable":true,"href":"https:\/\/tkd-herringen.de\/index.php?rest_route=\/wp\/v2\/users\/1"}],"replies":[{"embeddable":true,"href":"https:\/\/tkd-herringen.de\/index.php?rest_route=%2Fwp%2Fv2%2Fcomments&post=2234"}],"version-history":[{"count":60,"href":"https:\/\/tkd-herringen.de\/index.php?rest_route=\/wp\/v2\/pages\/2234\/revisions"}],"predecessor-version":[{"id":4579,"href":"https:\/\/tkd-herringen.de\/index.php?rest_route=\/wp\/v2\/pages\/2234\/revisions\/4579"}],"wp:attachment":[{"href":"https:\/\/tkd-herringen.de\/index.php?rest_route=%2Fwp%2Fv2%2Fmedia&parent=2234"}],"curies":[{"name":"wp","href":"https:\/\/api.w.org\/{rel}","templated":true}]}}